2). Let v = q - -199. What is the units digit of v?
9
Suppose h - 1 = 5*h - 5*p, h - 2*p = -1. Suppose -b + 0 = h, -5*n + b = -151. Let y = -21 + n. What is the units digit of y?
9
Let z = -556 + 1033. What is the hundreds digit of z?
4
Let z = 61 - 0. Let u = -55 + z. What is the units digit of u?
6
What is the tens digit of (1 + 50)*(-390)/(-9)?
1
Let z(u) = u + 23. Suppose 0 = -3*y - 34 - 14. What is the units digit of z(y)?
7
Let t = -1387 - -1402. What is the tens digit of t?
1
Suppose 118 = 12*a - 278. Suppose c = 5*c. Suppose v - m - a = 0, -5*v + c*v + 165 = 2*m. What is the units digit of v?
3
Let u(a) = -278*a + 45. What is the tens digit of u(-6)?
1
Let c = 7319 + -4376. What is the thousands digit of c?
2
Suppose 985 = 3*m - 40*f + 35*f, -f - 5 = 0. What is the tens digit of m?
2
Let z(q) be the second derivative of q**3/6 - 6*q. Let s be z(0). Suppose s = -p + 1 + 29. What is the units digit of p?
0
Let j be 6/(-9) - (-146)/(-6). Let y be j/(-5)*(-4)/(-5). Suppose y*x - 531 = -5*x. What is the tens digit of x?
5
Let b(f) = f**2 + 4*f. Let z be b(-3). What is the units digit of 285/(-38)*28/z?
0
Let k be (-38)/10 - 1/5. Let z = k + 16. What is the units digit of z?
2
Suppose v + z - 536 = 0, z = 3*v - 0*v - 1620. What is the hundreds digit of v?
5
Let h be 0 + 4/(16/324). Let c = 3 + h. What is the tens digit of ((-16)/6)/((-7)/c)?
3
Let n(y) = -y**2 - 4*y - 2. Let j be n(-5). Let f be ((-42)/(-49))/((-1)/j). Suppose -g + 4*g - f = -a, -5*g - 10 = 0. What is the tens digit of a?
1
Suppose 2*q - 834 = 4*f - 52, -f - 1910 = -5*q. What is the hundreds digit of q?
3
Let x = -875 - -1365. Suppose -x = -6*f + 440. What is the hundreds digit of f?
1
Let j be (-1109)/(-11) + 34/187. Suppose 4*p - j = 135. What is the tens digit of p?
5
Let v(l) = 4*l**3 + 7*l**2 + 3*l + 6. Let g be v(6). What is the hundreds digit of g/10 + -1*4?
1
Let u = 54 + -51. Suppose 936 = 3*b - 5*t, -b + t - u*t = -323. What is the units digit of b?
7
Suppose 6007 = 3*z + q, 4*z - 9*z + 10013 = 2*q. What is the tens digit of z?
0
Let r be 39/9 + 3/(-9). Let v be 28/(-8)*r/(-7). Suppose -y + 4*q = -23, y + v*y + 2*q = 55. What is the tens digit of y?
1
Let k = 1099 - 385. What is the hundreds digit of k?
7
Let u(k) = k**2 + 6*k - 96. What is the units digit of u(-16)?
4
Suppose 37*t + 8*t - 80865 = 0. What is the thousands digit of t?
1
Let x = 785 - 464. What is the hundreds digit of x?
3
Suppose 3*t + 4 = c - 9, 4*c - 4 = 0. Let o be -2 - (5/5 + t). Let d(i) = 3*i**3 + 1. What is the units digit of d(o)?
4
Let g(q) = q**2 - 7*q - 16. Let d be g(11). Let i = -9 + d. What is the units digit of i?
9
Suppose 4*p = 866 + 858. Suppose -n + p = 133. What is the tens digit of n?
9
Suppose a = -32 + 37. Suppose a*q = 6*q - 13. What is the tens digit of q?
1
Let f(g) = g + 6. Let k be f(-7). What is the hundreds digit of 5/(-10) - ((-916)/8 + k)?
1
Let p(m) = -m**2 - 3*m + 2. Let q be (-9)/4 - (-27)/(-36). Let h be p(q). Suppose h*y - 5*y + 30 = 0. What is the units digit of y?
0
Let s(b) = -77*b**3 + 1. Let j be s(-1). Suppose j = -2*c + 260. What is the units digit of c?
1
Suppose 2*h = -2*q - 174, 263 = -5*h + 2*h - 2*q. Let i = h + 112. What is the units digit of i?
3
Let r = 36 + 23. Let g = r + -11. What is the tens digit of g?
4
What is the units digit of ((-2937)/9)/(16/(-48))?
9
Suppose 0*z + 1164 = 3*z + 3*i, 0 = i + 2. Suppose 0 = -5*n + s + z, 4*s = -4*n - 167 + 503. What is the tens digit of n?
7
Suppose 9*i + 1 = 46. Suppose i*v - 6*v + 10 = 0. What is the units digit of v?
0
Let y(q) = 2*q**2 - 6*q + 6. Let n(c) = c**3 - 4*c**2 - 6*c + 1. Let p be n(5). Let l = -1 - p. What is the units digit of y(l)?
6
Let m be (-14)/(-8) - 1/(-4). Suppose -m*a - f - 37 = 0, a + 2*a + 88 = 5*f. What is the units digit of (-3)/(6 + -3)*a?
1
Suppose -5747 = -7*l - 434. What is the tens digit of l?
5
What is the units digit of (-4)/(-12) - 4504/(-6)?
1
Let q(c) = -8*c - 58. Let s be q(-8). Let y = 3 + -5. What is the tens digit of (23/y)/(s/(-12))?
2
Suppose 0 = 10*f - 11*f + 986. What is the tens digit of f?
8
Suppose -1190 + 266 = -6*i. What is the hundreds digit of i?
1
Suppose 15*l - 20*l = -3640. What is the tens digit of l?
2
Let p = 5 - 7. Suppose 12*m + 525 - 1305 = 0. What is the tens digit of (p - -3)*(m + -3)?
6
Suppose -f = -222 - 42. Suppose 3*o + f = 7*o. Let x = o + -41. What is the units digit of x?
5
Suppose -2*n + 160 = 2*n. Suppose -3*s - 2*s + n = 0. Suppose 9*d = s*d + 30. What is the units digit of d?
0
What is the hundreds digit of (8/(128/43716))/(18/24)?
6
Let q = 113 + -108. Suppose 5*w = 5*u - 0*u + 1335, 2*w - 540 = q*u. What is the tens digit of w?
6
Suppose -4*y - 2*p + 11 = -5, 2*y = -2*p + 4. Suppose 4*k - y = -2. What is the units digit of k?
1
Suppose 2*l + 1 = -h + 6, -5*h + 12 = -3*l. Suppose -4*p - 177 = -3*a, -h*a - 187 - 41 = 5*p. What is the units digit of (p/2)/(1/(-2))?
5
Let y = -864 + 1494. What is the hundreds digit of y?
6
Let v = -1438 + 1942. What is the tens digit of v?
0
Suppose -2*s - 2*s + 2*w + 118 = 0, 4*w - 16 = -s. Suppose p - s = -p. What is the units digit of 7/p*(15 - -1)?
8
Suppose -26 = -4*c + 54. Suppose 0 = -t + 2 - 1, -4*a = -2*t - 18. Let i = c - a. What is the units digit of i?
5
Let f = -25 + 38. Suppose -f*g + 8*g = -260. What is the tens digit of g?
5
Let w = -1499 + 2636. What is the thousands digit of w?
1
Suppose 13*l - 2*l + 2222 = 0. Let i = l - -290. What is the units digit of i?
8
Let a(f) = 5*f - 7. Let u be a(-7). Let w be (-2)/(-6) - 1834/u. Suppose 0 = 4*y - 3*y - w. What is the units digit of y?
4
Let c be 1/(-2) + ((-4795)/(-14))/(-5). Let s = 146 + c. What is the tens digit of s?
7
Suppose v - 7212 = -4*q, q + 5*v = -0*v + 1822. What is the hundreds digit of q?
8
Suppose 2*h + 2*h = 5*h. Suppose h = -2*n + 3 + 5. What is the units digit of n?
4
Let f(c) = 2*c**2 - 3*c + 12. Let a be f(-6). Suppose i - a - 26 = 0. What is the units digit of i?
8
Let d be (6 + 2)/2 + -1. Let r be d*(3 + (-20)/12). Suppose -3*y = r*c - 75, 0*y + y = 5*c + 6. What is the tens digit of y?
2
Let r be (-1721)/(-8) - 11/88. Let t = r - 137. What is the units digit of t?
8
Let n(h) = 2 + 1656*h - 22 - 1663*h. What is the tens digit of n(-12)?
6
Let n be (-19)/(-2) + (-3)/6. Let u be (-25)/(-9) - (-2)/n. Let p = u + 2. What is the units digit of p?
5
Suppose -5*o = 5*v + 15, 2*v - 3*o + 12 = -19. Let q(z) = 0 - 2 + z + z**2 - 6 + 3*z. What is the units digit of q(v)?
4
Suppose 5*y + 5*j - 100 = 0, j - 43 = -2*y - 2*j. Let s be 3/(3/3)*7. Suppose -s*b = -y*b - 224. What is the tens digit of b?
5
Suppose 2*f - 341 = -111. What is the tens digit of f?
1
Let y(h) = h**3 + h**2 - 15*h + 11. What is the tens digit of y(8)?
6
Let z(a) = -2*a**2 - 8*a - 15. Let u be z(-8). Let j = -45 - u. What is the units digit of j?
4
Suppose 4*h + 19 - 23 = 0. Let x(k) = -k**2. Let w(i) = 29*i**2 - i. Let f(a) = w(a) + 2*x(a). What is the units digit of f(h)?
6
Let s be 4/(-14) - (-4)/14. Suppose -i - 3*i + 8 = s. Suppose -3*j + 20 = -j - i*z, 5*j + 2*z = 43. What is the units digit of j?
9
Let y = 546 - 78. What is the units digit of y?
8
Suppose 13310 = 32*r - 6754. What is the tens digit of r?
2
Let j(p) = 2*p**3 - 36*p**2 - 32*p + 41. What is the tens digit of j(19)?
5
Let w(v) be the second derivative of 22*v**5/5 + v**4/6 - v**3/3 + 12*v. What is the units digit of w(1)?
8
Let k(h) = 0*h**3 - 6 + 4*h**2 + h**3 - 11*h - 6*h**2 - 4*h**2. Let i be k(8). Suppose 4*n - 66 = -t, n + t = -n + i. What is the units digit of n?
6
Let j be (-5)/2 - 7/(-14). What is the units digit of 10*((-8)/j)/4?
0
Let u be (-1 + -14)*17/(-17). Let c = u + -13. What is the units digit of 2/(c - (-27)/(-15))?
0
Let y be ((-80)/(-5))/(-4) - -8. What is the tens digit of (18/y)/(6/104)?
7
Let d(t) = -3*t - 22. Let f(b) = -b**2 - 1. Let l(p) = -d(p) - 2*f(p). What is the hundreds digit of l(-12)?
2
Let i = 5865 - 4109. What is the units digit of i/28 - (-2)/(-14)*-2?
3
Suppose 85*n - 9859 = 81*n - 5*a, 5*n = 4*a + 12293. What is the hundreds digit of n?
4
Suppose -4*u = 4*k - 34 - 242, 0 = -2*k - u + 135. What is the units digit of k?
6
Let b(x) = -x**2 - 2*x - 2. Let u be b(0). What is the units digit of (3/u)/(((-1)/(-52))/(-1))?
8
Let c = 9091 + -6339. What i